10. Determine s(9).
-55
Let x(i) = i**3 + 18*i**2 + 5*i + 48. What is x(-18)?
-42
Let k(m) = -8*m**2 - 292*m - 144. Give k(-36).
0
Let j(m) = 22*m - 523. Determine j(24).
5
Let a(v) = 2*v**3 - 53*v**2 - 22*v - 112. What is a(27)?
23
Let m(k) = -211*k + 192. Give m(-3).
825
Let k(y) = 478*y + 2269. Determine k(-5).
-121
Let t(r) = -14*r**2 - 95*r + 1355. Determine t(7).
4
Let o(a) = -a**2 + 8*a + 378. What is o(-16)?
-6
Let g(u) = -28*u**2 + 5*u + 11. Calculate g(-5).
-714
Let j(w) = 33*w + 589. What is j(-21)?
-104
Let i(r) = -30*r**2 + 32*r + 2. What is i(1)?
4
Let g(j) = -5*j**2 - 151*j + 152. Determine g(1).
-4
Let f(a) = -a**3 - 82*a**2 - 240*a - 6. What is f(-3)?
3
Let f(g) = -34*g + 13. What is f(0)?
13
Let p(m) = -322*m - 632. Determine p(-2).
12
Let b(t) = 24*t + 18. Calculate b(6).
162
Let r(k) = 28*k**2 + 186*k + 102. Determine r(-6).
-6
Let o(p) = 1307*p + 1290. Determine o(-1).
-17
Let q(x) = -148*x**3 + x**2 + 77*x - 78. Determine q(1).
-148
Let c(d) = d**2 - 48*d + 369. Calculate c(9).
18
Let w(l) = -135*l + 1206. Calculate w(9).
-9
Let t(n) = -n**2 - 9*n + 375. Determine t(-24).
15
Let t(w) = 54*w - 1455. Give t(27).
3
Let l(h) = -82*h - 5. Calculate l(1).
-87
Let p(i) = 1423*i + 35601. Determine p(-25).
26
Let a(j) = -j**2 + 106*j - 1734. What is a(85)?
51
Let t(r) = -11*r**2 + 993*r - 349. Calculate t(90).
-79
Let v(r) = -3*r**3 + 10*r**2 + 16*r - 10. Calculate v(-3).
113
Let s(c) = -c**3 - 21*c**2 + 13*c - 49. Give s(-22).
149
Let u(d) = d**2 + 62*d + 251. What is u(-28)?
-701
Let u(m) = -79*m + 24. Calculate u(2).
-134
Let b(o) = -3*o**2 - 33*o - 22. Determine b(-7).
62
Let j(o) = -7*o**2 - 23*o + 7. Calculate j(-3).
13
Let v(l) = l**2 + 81*l - 3608. Calculate v(-113).
8
Let f(r) = -r**3 - 7*r**2 - 5*r + 17. Give f(-6).
11
Let f(c) = c**3 + 71*c**2 + 151*c + 5678. Calculate f(-70).
8
Let f(l) = -4*l**2 - 22*l + 24. Determine f(1).
-2
Let t(s) = -53*s + 1176. Calculate t(22).
10
Let x(s) = s**3 - 2*s**2 - 109*s + 224. What is x(2)?
6
Let r(w) = -181*w - 2720. Calculate r(-15).
-5
Let l(z) = 33623*z - 33625. Calculate l(1).
-2
Let p(r) = -r**3 - 43*r**2 + 93*r + 87. Calculate p(-45).
-48
Let a(d) = d**3 + 7*d**2 - 9*d + 46. Calculate a(-8).
54
Let s(u) = u**2 + 473*u + 49442. Determine s(-156).
-10
Let a(j) = -j**3 + 94*j**2 - 283*j + 904. What is a(91)?
-6
Let l(s) = -21*s**2 - 986*s + 71. What is l(-47)?
24
Let b(s) = 4*s**3 - 27*s**2 - 56*s + 339. What is b(7)?
-4
Let r(h) = 2*h**2 + 15*h + 21. Give r(-14).
203
Let o(n) = -8*n**3 - 4*n**2 - 7*n - 10. Determine o(-3).
191
Let w(p) = 385*p - 1263. Calculate w(3).
-108
Let z(w) = 5159*w - 15467. Calculate z(3).
10
Let h(l) = -26*l + 762. Determine h(30).
-18
Let d(k) = -4*k**2 + 193*k - 2341. Give d(24).
-13
Let d(y) = -y**3 - 18*y**2 - 19*y + 8. Give d(-9).
-550
Let r(t) = 5*t - 80. Determine r(15).
-5
Let k(h) = 12*h**2 + 161*h + 232. Calculate k(-13).
167
Let n(s) = 862*s + 6014. Calculate n(-7).
-20
Let y(i) = 82*i + 7531. What is y(-92)?
-13
Let l(m) = -20*m + 809. Calculate l(22).
369
Let p(w) = -43*w**2 + 685*w + 23. Calculate p(16).
-25
Let t(s) = 885*s + 3543. Calculate t(-4).
3
Let v(h) = -h**3 + 41*h**2 + 73*h + 546. Calculate v(43).
-13
Let q(a) = -a**3 + 47*a**2 + 2*a - 89. Give q(47).
5
Let z(g) = -10*g**2 + 617*g + 624. Determine z(-1).
-3
Let g(a) = -64*a**2 - 171*a - 336. Calculate g(-2).
-250
Let s(g) = -17*g - 41. Give s(8).
-177
Let p(l) = 16*l + 2. Calculate p(2).
34
Let l(g) = 55*g + 5733. What is l(-104)?
13
Let x(l) = 37*l + 90. Calculate x(-3).
-21
Let s(w) = 41*w - 1116. Calculate s(27).
-9
Let x(b) = 7*b - 288. Calculate x(35).
-43
Let a(w) = -w**3 - 3*w**2 + 19*w - 49. Give a(4).
-85
Let v(m) = 15*m - 37. Determine v(3).
8
Let h(f) = -350*f + 3663. Determine h(13).
-887
Let a(b) = -11*b**2 - 99*b + 299. What is a(3)?
-97
Let s(i) = 3*i**2 - 13*i - 106. Give s(-5).
34
Let s(w) = -3*w**3 - 34*w**2 - 16*w - 41. Determine s(-11).
14
Let h(w) = 2*w**3 - 44*w**2 - 57*w + 13. What is h(23)?
-240
Let w(f) = f**3 - 5*f**2 - f - 40. Calculate w(0).
-40
Let i(o) = 8*o**2 + 13*o - 299. Calculate i(-7).
2
Let h(l) = 46*l - 25. Calculate h(4).
159
Let h(d) = d**3 - 55*d**2 + 336*d - 4. What is h(48)?
-4
Let r(w) = -886*w + 2659. Give r(3).
1
Let u(b) = -2*b**3 + 40*b**2 + 4*b - 31. Give u(20).
49
Let t(b) = -739*b + 59127. Give t(80).
7
Let p(l) = -12*l**2 - 21*l - 18. Determine p(-3).
-63
Let y(g) = 246*g + 88064. What is y(-358)?
-4
Let s(k) = k**2 - 4*k - 429. Determine s(-19).
8
Let g(v) = v**2 + 330*v + 2246. Determine g(-7).
-15
Let d(v) = -447*v + 1773. Calculate d(4).
-15
Let y(v) = 15*v**2 + 15*v - 51. Give y(2).
39
Let v(r) = r**3 + 18*r**2 + 30*r + 525. What is v(-18)?
-15
Let k(t) = 18*t + 184. Give k(-16).
-104
Let x(p) = -6*p**2 + 455*p - 5956. Determine x(59).
3
Let i(h) = h**2 + 16*h - 184. Give i(-18).
-148
Let w(j) = -j**2 + 65*j - 542. Give w(62).
-356
Let w(x) = -115*x**2 + 31*x - 31. Determine w(1).
-115
Let u(s) = s**3 - 18*s**2 - 762*s + 83. Give u(38).
7
Let t(h) = -h**3 - 6*h**2 - 6*h - 5. Determine t(-2).
-9
Let m(l) = -4*l**2 - 14*l - 14. What is m(-4)?
-22
Let l(r) = 8*r**2 - 5*r - 16. Determine l(-2).
26
Let v(b) = -57*b - 1098. Determine v(-19).
-15
Let q(t) = -4*t + 258. Calculate q(35).
118
Let z(n) = n**2 - 44*n + 587. Determine z(17).
128
Let b(k) = -k**3 - 11*k**2 - 23*k - 55. Give b(-9).
-10
Let t(b) = b**2 - 18*b - 2211. Give t(57).
12
Let c(a) = 47*a - 4495. Give c(91).
-218
Let p(s) = s**3 + 21*s**2 + 34*s - 25. Determine p(-19).
51
Let h(x) = -4*x**2 + 24*x - 84. Calculate h(9).
-192
Let a(z) = -238*z - 1898. What is a(-8)?
6
Let j(i) = -16*i + 282. Calculate j(21).
-54
Let k(s) = 122*s**2 + 3538*s + 11. Determine k(-29).
11
Let k(f) = 6*f**2 - 91*f - 725. Calculate k(-7).
206
Let m(x) = -565*x + 3957. What is m(7)?
2
Let n(u) = -69*u + 1099. What is n(17)?
-74
Let f(l) = -13*l - 1194. Determine f(-44).
-622
Let k(h) = -230*h - 1616. What is k(-7)?
-6
Let y(d) = -15*d**2 + 11*d + 22. What is y(-2)?
-60
Let c(f) = -2*f**2 + 77*f - 292. Give c(4).
-16
Let a(i) = -i**3 - 19*i**2 - 16*i + 314. Calculate a(-17).
8
Let k(m) = m**3 - 12*m**2 + 15*m - 47. What is k(11)?
-3
Let q(a) = 16*a**2 - 20*a + 112. Calculate q(5).
412
Let f(z) = z**3 + 20*z**2 - 97*z - 649. What is f(-23)?
-5
Let o(u) = -166*u + 994. What is o(6)?
-2
Let u(w) = 1171*w - 14068. Give u(12).
-16
Let w(x) = 13*x - 1273. Determine w(98).
1
Let r(m) = 4*m**2 - 21*m - 178. Give r(11).
75
Let f(h) = -3254*h - 6. Calculate f(0).
-6
Let w(c) = -10*c**2 - 449*c - 394. Determine w(-44).
2
Let q(r) = -2*r**3 - 38*r**2 - 2*r + 3. Give q(-4).
-469
Let k(c) = -3*c**3 - 67*c**2 - 375*c + 15. Calculate k(-10).
65
Let j(f) = 249*f - 434. Determine j(3).
313
Let f(m) = m**3 + 25*m**2 + 152*m - 8. Determine f(-11).
14
Let j(c) = 6*c**3 + 409*c**2 + 64*c - 224. Give j(-68).
48
Let t(f) = -f**3 + 19*f**2 + 24*f - 89. What is t(20)?
-9
Let q(u) = -22*u**2 + 7*u + 4. Determine q(-1).
-25
Let b(j) = 1142*j + 6864. Determine b(-6).
12
Let z(b) = -97*b + 49. Determine z(2).
-145
Let k(g) = -9*g**2 - 794*g - 5783. Give k(-8).
-7
Let i(n) = -2*n**3 - 55*n**2 + 32*n + 49. What is i(-28)?
-63
Let j(o) = 412*o + 2942. What is j(-7)?
58
Let g(s) = s**3 + 64*s**2 - 91*s - 1701. Calculate g(-65).
-11
Let u(q) = q**2 - 96*q - 170. Give u(98).
26
Let s(b) = -4*b**2 + 79*b - 321. Determine s(4).
-69
Let v(a) = -a**2 - 19*a - 77. What is v(-11)?
11
Let v(h) = -h**2 - 32*h - 86. What is v(-32)?
-86
Let n(d) = -3*d**3 + 28*d**2 - 20*d - 15. What is n(8)?
81
Let n(p) = -105*p**3 - 316*p**2 + 57*p + 181. Give n(-3).
1
Let z(s) = s**3 - 17*s**2 + 54*s + 27. Calculate z(12).
-45
Let j(y) = -254*y + 8145. Give j(32).
17
Let z(v) = -v**3 - 11*v**2 + 15*v + 210. Give z(-9).
-87
Let d(n) = n**3 - 45*n**2 + 69*n + 2390. Give d(42).
-4
Let w(u) = -u**3 + 7*u**2 + 57*u - 384. Calculate w(6).
-6
Let h(s) = -s**3 - s**2 - 21*s - 37. Give h(-2).
9
Let v(k) = k**3 + 6*k**2 - 16*k + 35. What is v(-9)?
-64
Let v(l) = 2*l**3 - 14*l**2 - 11*l + 2. Calculate v(8).
42
Let n(w) = -w + 28. What is n(-9)?
37
Let k(y) = -y**2 + 21*y + 540. Calculate k(36).
0
Let m(y) = -36*y - 264. What is m(-7)?
-12
Let r(v) = 2*v**2 - 22*v + 101. What is r(7)?
45
Let u(l) = -l**2 - 42*l + 15. Determine u(-41).
56
Let p(a) = -a**3 + 2